prime?
True
Is 145264503 composite?
True
Is 158381 a composite number?
True
Is 76741739 a prime number?
True
Is 25233553 a prime number?
False
Is 295931 composite?
True
Is 5848259 composite?
False
Is 3512027 prime?
False
Is 574137901 composite?
False
Is 28650709 a composite number?
True
Is 19286893 a prime number?
True
Is 2657749 a composite number?
True
Is 6577163 prime?
True
Is 293394817 a prime number?
True
Is 6688757 prime?
True
Is 84567611 composite?
False
Is 7956931 a prime number?
False
Is 211150187 prime?
True
Is 25199767 composite?
False
Is 547258 a composite number?
True
Is 116973059 composite?
True
Is 2960281 a prime number?
True
Is 23694973 a composite number?
False
Is 8320447 a prime number?
False
Is 19189757 a composite number?
False
Is 163856561 prime?
False
Is 195077 composite?
False
Is 84402127 a composite number?
True
Is 38641049 prime?
True
Is 18452054 prime?
False
Is 2910991 a prime number?
False
Is 153831289 prime?
True
Is 10191283 composite?
True
Is 145838267 a composite number?
False
Is 43983391 a prime number?
True
Is 10086457 a composite number?
True
Is 127549771 a composite number?
False
Is 20695 composite?
True
Is 18656521 a prime number?
False
Is 45089857 a prime number?
False
Is 4697999 a composite number?
True
Is 14451137 a composite number?
True
Is 12056537 composite?
True
Is 359837 a prime number?
True
Is 3381337 composite?
True
Is 16596611 a composite number?
True
Is 2693881 a prime number?
False
Is 52759193 a composite number?
False
Is 13973527 prime?
True
Is 126902533 a composite number?
False
Is 12765877 a composite number?
False
Is 73649651 prime?
True
Is 472998005 prime?
False
Is 8094253 prime?
True
Is 23160157 prime?
True
Is 2448458 composite?
True
Is 772451 a composite number?
False
Is 18144635 a composite number?
True
Is 4347301 a composite number?
True
Is 25539 a prime number?
False
Is 18548813 composite?
False
Is 151045313 a prime number?
False
Is 132953701 a prime number?
True
Is 1129603 prime?
True
Is 7017589 a prime number?
True
Is 160651685 composite?
True
Is 12025891 prime?
True
Is 1625297009 prime?
False
Is 91707031 a composite number?
True
Is 770146163 composite?
False
Is 134837 composite?
False
Is 235219 composite?
True
Is 10059931 a composite number?
True
Is 6016609 composite?
False
Is 738402153 prime?
False
Is 13483607 a prime number?
True
Is 4646233 prime?
True
Is 79833371 a prime number?
False
Is 34608531 a prime number?
False
Is 13250417 composite?
True
Is 29082761 a composite number?
False
Is 823117 a prime number?
True
Is 8125079 a prime number?
False
Is 2796454 prime?
False
Is 9892499 a prime number?
True
Is 131543 a composite number?
False
Is 165349649 a prime number?
False
Is 4259783 a composite number?
True
Is 624509 a composite number?
False
Is 84155219 a composite number?
True
Is 93266053 a prime number?
True
Is 44703431 prime?
True
Is 3715003 prime?
False
Is 290289 a prime number?
False
Is 91936627 composite?
True
Is 114235483 a prime number?
False
Is 3235929 prime?
False
Is 1300907 prime?
True
Is 23509 a composite number?
False
Is 2558219 a prime number?
True
Is 459809 a composite number?
True
Is 21675353 a composite number?
True
Is 2405021 a composite number?
False
Is 2109463 prime?
False
Is 177245219 a prime number?
False
Is 86396041 prime?
True
Is 7134733 a composite number?
True
Is 434069 composite?
True
Is 95933843 a prime number?
False
Is 71220613 a composite number?
True
Is 1265111 a prime number?
True
Is 12174493 a prime number?
True
Is 148104251 prime?
True
Is 1314179 a prime number?
True
Is 385722797 a prime number?
False
Is 21105967 prime?
True
Is 121575427 a prime number?
True
Is 182844527 composite?
False
Is 6897811 prime?
True
Is 3939395 prime?
False
Is 27180679 a prime number?
False
Is 1548147 prime?
False
Is 655635649 prime?
True
Is 279398551 a prime number?
False
Is 41092109 composite?
False
Is 1047444361 a prime number?
False
Is 33529987 composite?
False
Is 418981 a prime number?
True
Is 3320341 composite?
False
Is 174352307 composite?
False
Is 65831606 a composite number?
True
Is 44676859 a composite number?
True
Is 284142109 a composite number?
True
Is 758671 a prime number?
True
Is 71145379 prime?
True
Is 2850907 a composite number?
True
Is 2992193 a composite number?
True
Is 5901821 a composite number?
False
Is 3814451 a composite number?
True
Is 1359307 a composite number?
False
Is 1860764635 a composite number?
True
Is 29888333 a prime number?
True
Is 23977801 composite?
False
Is 173733955 a composite number?
True
Is 469477 composite?
True
Is 8772209 a composite number?
False
Is 243739105 prime?
False
Is 445943 a prime number?
True
Is 918943 prime?
True
Is 4565761 a prime number?
True
Is 720055843 composite?
True
Is 66320101 a prime number?
True
Is 2903291 a prime number?
True
Is 11212027 prime?
False
Is 3554203 composite?
False
Is 51192443 composite?
True
Is 168534713 composite?
True
Is 12707978 composite?
True
Is 188039419 a composite number?
False
Is 70617343 a prime number?
True
Is 28076971 prime?
False
Is 56194991 a composite number?
True
Is 4994785 a prime number?
False
Is 200100589 a prime number?
False
Is 25766389 a composite number?
True
Is 1509127 a composite number?
False
Is 62699821 prime?
True
Is 20730593 a prime number?
False
Is 6754931 a prime number?
False
Is 2829523 prime?
False
Is 746513 a prime number?
False
Is 5507259 a composite number?
True
Is 45928003 a prime number?
False
Is 18220127 prime?
True
Is 187143703 composite?
False
Is 102084319 prime?
True
Is 4059361 composite?
False
Is 3268687 composite?
False
Is 390233 composite?
True
Is 109398161 composite?
False
Is 33390233 a prime number?
True
Is 43292779 a composite number?
False
Is 17835437 prime?
True
Is 6671747 a composite number?
False
Is 12880226 composite?
True
Is 2817741 composite?
True
Is 158054309 a prime number?
False
Is 38145643 prime?
False
Is 20242883 a composite number?
True
Is 63004087 prime?
True
Is 3838273 prime?
False
Is 7685189 composite?
False
Is 5650831 a prime number?
False
Is 4833977 a composite number?
False
Is 137836117 composite?
False
Is 567383 composite?
False
Is 7490773 composite?
True
Is 8347711 a composite number?
True
Is 2879257 a composite number?
False
Is 2833309 a composite number?
False
Is 306827603 composite?
True
Is 8729173 a composite number?
False
Is 25875767 composite?
False
Is 797273 prime?
True
Is 86069 composite?
False
Is 7172689 composite?
True
Is 41818913 composite?
False
Is 1172183 a composite number?
True
Is 18359023 composite?
False
Is 2817137 prime?
True
Is 5791022 composite?
True
Is 5063203 composite?
True
Is 1604471 composite?
True
Is 66157841 composite?
True
Is 7598563 a composite number?
True
Is 127978717 prime?
True
Is 4903439 a prime number?
False
Is 114371 composite?
False
Is 2134619 a composite number?
True
Is 34482191 prime?
True
Is 238021649 composite?
True
Is 47785901 prime?
False
Is 16815847 prime?
True
Is 3723019 a composite number?
False
Is 264002 prime?
False
Is 383416243 prime?
False
Is 21212549 a prime number?
False
Is 731413 a prime number?
True
Is 66741355 a composite number?
True
Is 4239251 composite?
False
Is 8748563 a prime number?
True
Is 7163173 composite?
False
Is 2275466 prime?
False
Is 8798131 a composite number?
False
Is 79824161 a composite number?
False
Is 475734517 a prime number?
False
Is 3141139 a composite number?
False
Is 10052017 composite?
False
Is 1735997 a prime number?
True
Is 9844447 a prime number?
False
Is 419699713 composite?
True
Is 26888621 composite?
False
Is 1345963 a composite number?
True
Is 4784263 a composite number?
True
Is 27165673 prime?
True
Is 6738553 composite?
False
Is 1333714 a prime number?
False
Is 123236143 a prime number?
True
Is 15853387 a prime number?
False
Is 1855643 prime?
False
Is 7947791 a prime number?
False
Is 1463639 a prime number?
False
Is 95702647 composite?
True
Is 15081523 a composite number?
True
Is 45776999 a prime number?
True
Is 3476467 a prime number?
False
Is 2144231 composite?
True
Is 36487849 prime?
True
Is 63631507 prime?
True
Is 15570413 a composite number?
True
Is 4915817 composite?
False
Is 29769191 prime?
False
Is 4877321 composite?
False
Is 425941 prime?
False
Is 1213181 a prime number?
False
Is 278261 composite?
False
Is 71338471 a prim